ainder when 4/18 - (-291)/27 is divided by y?
2
Let z = -53 - 4. What is the remainder when 49 is divided by (-7 - z)/(2*1)?
24
Let t(u) = 2*u**2 + 16*u + 73. Calculate the remainder when 95 is divided by t(-6).
46
What is the remainder when (-3 + 6/3)/((-26)/4654) is divided by 91?
88
Suppose -238*r + 240*r = 736. Calculate the remainder when r is divided by 53.
50
Let n = 13192 + -13186. Calculate the remainder when 10/((-1)/1 - -2) is divided by n.
4
Let x(n) = n**3 + 21*n**2 + 4*n - 24. Calculate the remainder when x(-14) is divided by 37.
34
Let f = -168 + 240. Let u = f - 37. What is the remainder when u is divided by (12/7)/(3/21)?
11
Suppose 13*q = -0*q + 494. Suppose -2*h + 24 = h. Calculate the remainder when q is divided by h.
6
Let f = -3 + 35. Let u be 11 - (1 + -5)/4. Let q(g) = g**3 - 11*g**2 - 10*g - 7. Calculate the remainder when f is divided by q(u).
15
Let c(s) = -s**3 + 3*s**2 - 4*s - 5. Let f be c(4). Let w(b) = 14*b - 48. What is the remainder when w(7) is divided by 10/15 - f/3?
11
Let x(w) = -4*w**2 - 113*w + 67. Calculate the remainder when x(-28) is divided by 54.
41
Suppose 0 = p - 30 + 10. Calculate the remainder when 94 is divided by p.
14
Let l(o) = -8*o - 197. Let a(f) = 24*f**2 - 1. Calculate the remainder when l(-33) is divided by a(-1).
21
Let z(p) = 3*p**2 + p + 1. Let w be z(2). Suppose -3*x = 3*n - 0*x + 207, 0 = 3*x - w. Let d = -7 - n. What is the remainder when d is divided by 23?
21
Suppose -p + 18 = p - 3*o, 4*o + 14 = p. Calculate the remainder when 16 is divided by p.
4
Let x = -398 - -424. Suppose -u = -6*u + 180. Let y = u - x. Calculate the remainder when y is divided by 6.
4
Let p(x) = 9*x - 388. What is the remainder when 176 is divided by p(48)?
0
Let c(d) = 5*d**2 + 5*d - 7. Let l be c(2). Calculate the remainder when -1*5*(10 - l) is divided by 33.
32
Suppose -6 = 277*v - 278*v. Calculate the remainder when 56 is divided by v.
2
Let n(s) = 3*s**3 - 5*s**2 + 11*s + 1. What is the remainder when n(3) is divided by 8?
6
Suppose 10*k = 9*k + 6. Suppose -k*t + 65 = -31. What is the remainder when 28 is divided by t?
12
Let y(x) = -7*x - 35. Let u be y(6). Let a = u + 87. What is the remainder when 27 is divided by a?
7
Let w(x) = -x**2 - x + 1. Suppose -15*a + 80 = -10*a. Suppose -6*d = -a*d + 10. Calculate the remainder when d is divided by w(-1).
0
Let n(x) = 5*x - 31. What is the remainder when 262 is divided by n(11)?
22
Let j(o) = 86*o**2 - 13*o + 10. Calculate the remainder when j(1) is divided by 21.
20
What is the remainder when 66 is divided by -9 - -3 - -11 - -14?
9
Let c = 6 - -10. Let q = -52 + 211. What is the remainder when 2*(-3 - q/(-6)) is divided by c?
15
Let z(f) = f**2 + 7*f - 52. Suppose 3*x = 23 + 202. Calculate the remainder when x is divided by z(-13).
23
Suppose 0 = -4*n + 14 + 14. Let x = n - -2. Let z = 81 + -65. What is the remainder when z is divided by x?
7
Let a(u) = u**2 - 5*u + 2. Let l be a(4). Let c be l/(-5) - (-30)/50. Let b = c + 21. Calculate the remainder when b is divided by 6.
4
Suppose -6*i - 304 + 712 = 0. What is the remainder when 126 is divided by i?
58
Suppose 851 + 73 = 14*f. What is the remainder when 195 is divided by f?
63
Let s = 50 - 26. Let d(z) be the second derivative of z**3/6 + z**2 + 5*z. What is the remainder when s is divided by d(3)?
4
Let t = 184 - 162. Suppose 3*x - 182 = 5*r, 0 = -x + 6*x + r - 322. What is the remainder when x is divided by t?
20
Let y be 24/180 - 823/(-15). Calculate the remainder when 111 is divided by (32/(-5))/((-22)/y).
15
Let f = -60 - -62. Calculate the remainder when 3 - f - (-61 + -2 + 2) is divided by 32.
30
Let d be (8/3)/((-16)/(-216)). Suppose 10 = 2*q + r, 5*q = r + 2*r + d. Let n = q - -8. Calculate the remainder when n is divided by 4.
2
Let t(i) = 9*i**3 + 2*i**2 - 6*i + 6. What is the remainder when t(3) is divided by 28?
25
Suppose -4*r + 50 = -10. Let c = -6 + 8. Suppose -3*w + 169 = -2*g, -2*w + 5*g = c*g - 111. Calculate the remainder when w is divided by r.
12
Suppose 0 = -3*q + 4*k + 320, -3*q + 5*k + 324 = 2*k. What is the remainder when q is divided by 19?
17
Let l(s) = 34*s**3 + 7*s - 6. What is the remainder when l(1) is divided by 30?
5
Suppose 0 = 5*h + 3*x - 55, -h = -0*h - 5*x - 11. What is the remainder when 34 is divided by h?
1
Let d = 128 - 62. Let m(h) = 12*h - 41. Let w(o) = -4*o + 14. Let q(b) = 4*m(b) + 11*w(b). What is the remainder when d is divided by q(6)?
10
Suppose -16 - 7 = -s. Let q = s - -2. What is the remainder when q is divided by ((-8)/6)/((-4)/42)?
11
Let y(k) = -6*k**2 + 0*k**3 - 16 - 30*k + 34*k - k**3. Calculate the remainder when 22 is divided by y(-7).
2
Suppose 260*f - 265*f + 615 = 0. What is the remainder when f is divided by 14?
11
Let g = 246 + -147. Calculate the remainder when g is divided by 27.
18
Suppose -4*w - 21 = -113. Suppose 24 = 2*p + 4*n, p - 1 = 5*n - 3. What is the remainder when w is divided by p?
7
Let j = -9 - -19. Suppose v - j = -v. Suppose o - z - 13 = -o, 36 = v*o + z. What is the remainder when 20 is divided by o?
6
Let t(p) = p**2 - p - 2. Let f = -40 - -42. Suppose 5*g = 5*m - 170, 2*m = -f*g + 69 + 19. What is the remainder when m is divided by t(4)?
9
Let z(k) = -79*k - 299. Calculate the remainder when 1053 is divided by z(-4).
16
What is the remainder when (-52244)/(-1332) + (-4)/18 is divided by 4?
3
Suppose -37*o = -46*o + 2889. Calculate the remainder when o is divided by 9.
6
Let k be ((-37)/(-2) - 0)*(2 - 0). Let n = k - 33. Calculate the remainder when 6 is divided by n.
2
Suppose -y + 25 = 3*v - 106, -3*y = 2*v - 85. What is the remainder when 171 is divided by v?
39
Let r(s) = -1 + 5*s**2 + 0 + 5*s**3 + 2*s**2 - 6*s - 6*s**3. Let b be r(6). What is the remainder when 28 is divided by 5/(b/(-1) - 0)?
3
Suppose 3*d - 249 = -4*h, 4*d - 71 = -3*h + 114. Let v(t) = -t**2 + 7*t - 4. Let a be v(6). What is the remainder when (306/h)/(a/14) is divided by 12?
10
Suppose -g - 5 = 2*c, 2*g = 2*c + 11 + 3. What is the remainder when -12*(c - (-44)/12) is divided by 3?
1
Let s(i) = -i**2 - 3 - 51*i + 16 + 45*i. What is the remainder when s(-7) is divided by 5?
1
Suppose -3*w + 4*o = -287 - 1, 2*w + 5*o - 192 = 0. What is the remainder when 669 is divided by w?
93
Suppose f = 6 - 2, 0 = -4*m + 2*f. Suppose -i = m*i - 144. Suppose -6*s + 0 = -102. What is the remainder when i is divided by s?
14
Let o = 16 + -8. Suppose h + 0*h = o. Let y(m) = 8*m + 7. What is the remainder when y(h) is divided by 18?
17
Let v = -2 - -6. Suppose v*r - 272 = -2*x, 6*r - r - 3*x - 329 = 0. Calculate the remainder when r is divided by 17.
16
Let l(g) = 2*g**3 - 11*g**2 + 7. What is the remainder when 135 is divided by l(6)?
6
Let d(l) = -l**3 + 11*l**2 - 12*l + 24. Suppose -85 = -5*z - 35. Calculate the remainder when 11 is divided by d(z).
3
Suppose 5*p = 7*p - 18. What is the remainder when p is divided by 1?
0
Let n(p) be the first derivative of -3*p**2/2 + 23*p + 7. What is the remainder when n(-7) is divided by 15?
14
Suppose -2*u + 10*u = 496. Suppose u = 4*r - 22. Calculate the remainder when 40 is divided by r.
19
Suppose -25 = 5*o + 5*b, 0*o = o - 2*b + 8. Let f be (-6)/(-9) - (-94)/o. Calculate the remainder when -1*4 + (-780)/f is divided by 17.
14
Let k = 229 + -391. Let w = -94 - k. Suppose 21 = f - 2. What is the remainder when w is divided by f?
22
Let i = -17 + 14. Let u be i/(807/408 - 2). Suppose u - 36 = 4*r. Calculate the remainder when r is divided by 13.
12
Let w = 32 + -16. Let u(r) = 11*r**3 - r**2 + 2*r - 2. Let m be u(2). Let l = m - 57. What is the remainder when l is divided by w?
13
Let v(m) = m**2 - 6*m - 6. Let p be v(6). Let z(c) = 11366*c - 8 - 11371*c + 17. Calculate the remainder when z(p) is divided by 8.
7
Let v(o) = 5*o**2 - 18. Let x(f) = 6*f**2 - f - 18. Let w(z) = -7*v(z) + 6*x(z). What is the remainder when 27 is divided by w(4)?
7
Let c = 686 - 506. What is the remainder when c is divided by 89?
2
Let w = 7 - 4. Let v(g) = -2*g**3. Let i be v(w). Let m = i - -93. What is the remainder when m is divided by 10?
9
Let j be (3 - -1)/((-12)/(-1698)). Let s = j + -186. Suppose 0*r - s = -5*r - 3*h, 0 = 3*r - 4*h - 199. Calculate the remainder when r is divided by 19.
16
Let v be ((-32)/3)/((-1)/3). Let a be (